 - 223*l + 280. Is w(-37) a composite number?
False
Let z = -41 + 50. Suppose 0 = 4*r + 5*o + 15, 2*r + 0 = 3*o + z. Is 2/(-6)*-633 - r composite?
False
Let d = -38645 - -76433. Suppose 0 = -0*q - 12*q + d. Is q prime?
False
Suppose 0*j - 44 = -2*m - 4*j, m - 4*j = 40. Let x = 32 - m. Is x/34 + (-174320)/(-272) composite?
False
Suppose -11*r = -4*r - 2328613. Suppose -12*j = -r - 142625. Is j prime?
True
Let q(v) = -20*v**2 + 2*v - 2. Let t be q(1). Let z = t + 23. Suppose -3*k + z*s + 3070 = -3275, -2*k - s + 4218 = 0. Is k composite?
False
Let y(o) be the second derivative of 2*o**4/3 - 5*o**3/6 - 35*o**2/2 + 2*o + 25. Is y(-10) a composite number?
True
Let u(l) = -l + 2 + 2 - 5 - l**2 - 2652*l**3 - 2232*l**3. Let k be u(-1). Suppose k = 8*o - 7173. Is o a prime number?
False
Suppose -9*x + 12*x = -5*u + 550493, 2*x = 4*u - 440412. Is u a prime number?
False
Let q be 16712/48 + (-1)/6. Suppose 3*u + 4*n = -u + 464, 3*u - q = -2*n. Suppose -a - 3*z = 2*z - 70, -2*z = 2*a - u. Is a prime?
False
Let m = 35 - -31. Is ((-142868)/m)/(1 + (-5)/3) a composite number?
True
Suppose 4*g - 4928842 = 2*i, 3*g - 344*i = -343*i + 3696634. Is g prime?
True
Suppose -3*c + 2*c - 4*l = 0, 2*l = -2. Let m be ((-6)/(-24))/(c/112). Suppose m*v - v = 330. Is v a composite number?
True
Let s(t) = 16*t + 34. Let r be s(-2). Suppose -3*y - 20251 = -5*f, -3*f + 4*y = r*f - 20253. Is f prime?
True
Suppose -1251963 = -5*u + 2*l, -5*u - 4*l = -710999 - 540940. Is u composite?
True
Let m = -59361 + 785870. Is m composite?
True
Suppose 79*n - 82*n = 5*u - 2574920, -4*u + 4*n = -2059904. Is u prime?
False
Let x(u) = -u**2 + u - 2. Let i(a) = -4*a**3 - 17*a**2 + 16*a + 30. Let m(q) = i(q) - 2*x(q). Is m(-11) prime?
True
Let y(z) be the first derivative of z**2 + 14*z - 27. Let r be y(-11). Is r + 381 + (1 - 1) prime?
True
Suppose -413656 = -36*m + 1023551 + 3486477. Is m a composite number?
False
Let g = 204 - 208. Is (484 - 0) + (4/g - -2) a composite number?
True
Let t(w) = 20453*w**2 + 238*w - 61. Is t(-6) a prime number?
True
Suppose 19*v - 1977 = 322. Let o = v - 24. Is o a composite number?
False
Let x(q) = 6*q - 72. Let r be x(14). Is 5217 + (r/(-30) - 48/(-20)) composite?
True
Suppose 0 = 7*r + 108 - 1900. Suppose -8*x = -5960 + r. Let l = x - 331. Is l prime?
False
Suppose -18 = 3*i - 33. Suppose i*j + 4 = 4*q + 3, 0 = -2*j + 6. Suppose -q*v - 2*v = -4470. Is v composite?
True
Let q = -11237 - -80652. Is q a composite number?
True
Suppose 0 = -2*v + 2*j + 61088 - 12772, -j = -2*v + 48319. Is v prime?
False
Suppose 93*n + f - 484927 = 90*n, f + 808201 = 5*n. Is n composite?
False
Suppose -70*j = -73*j + 3*t + 95379, -j + 31793 = -4*t. Is j composite?
False
Suppose g - 14 = -4*g + 2*m, 4*g + 2*m - 22 = 0. Suppose -5*q - 9244 = -9*q + g*v, v = -4*q + 9264. Is q prime?
False
Let q = 46484 + -14301. Is q a composite number?
False
Let k = -44 - -27. Let x(l) = -l**2 - 20*l - 34. Let b be x(k). Suppose -4*v + 457 = 3*f, 18*f = -2*v + b*f + 229. Is v a prime number?
False
Suppose -4*i = -0*y + y + 1, y = 2*i + 5. Suppose -5*w + 3*k = -15316, -3*w + 5659 + 3545 = y*k. Is w composite?
True
Let k = 7 - -23. Suppose k*s - 11404 - 243626 = 0. Is s composite?
False
Let q(u) = 4645*u - 730*u + 179*u + 21. Is q(2) prime?
True
Suppose 3*p - y - 84 = 0, 5*y = 3*p + 3*y - 87. Let k(o) = 4*o**2 + 37*o + 167. Let c be k(-6). Let j = c - p. Is j a composite number?
True
Suppose -8*s + 4473965 - 708365 = 0. Suppose 6*p - s = 18*p. Is 6/(-51) - (p/(-51))/(-1) a prime number?
True
Let j(a) = -6*a**2 - 26*a - 211. Let g be j(-29). Let m = g + 9254. Is m composite?
False
Suppose -13*g + 12*g - 12 = 0. Is 2044/6 - 4/g prime?
False
Suppose -3*y = -4*o - 444681, 0 = -0*o - 5*o + 15. Is y prime?
False
Let b = -12297 - -8739. Is (-5)/(-4)*(-10 - b) a prime number?
False
Let o(t) = -729*t - 101*t + 165*t + 55 + 6. Is o(-5) composite?
True
Let g(s) = -s**3 + 17*s**2 - 32*s + 36. Let o be g(15). Let z be 2762/3*(-3 + o). Let y = 427 + z. Is y prime?
False
Let r = 162 + -141. Suppose -79117 = -r*w - 3790. Is w prime?
False
Suppose h + 0 = -399. Let q be ((-53152)/(-627) - (-4)/(-38))*-21. Let l = h - q. Is l a composite number?
True
Suppose -3*j + 270*l + 603534 = 267*l, 0 = -2*j + 3*l + 402363. Is j a composite number?
True
Let s(t) = -14703*t**3 - 12*t**2 - 2*t + 28. Is s(-3) a prime number?
False
Suppose 2*u - 7 = k - 1, 0 = 3*u + 4*k - 31. Suppose -u*r = -3*w + 573, -2*w - 5*r = -4*w + 382. Is w a composite number?
False
Let k = 111294 - -14539. Is k a prime number?
False
Let p(i) = 1355*i**2 + 7*i + 24. Let q be p(-3). Is q/26 - (-24)/(-156) prime?
False
Let y be 4/(-10)*(-13 + 72/9). Suppose -18*r - y*r = -62540. Is r a prime number?
False
Let y(u) = 2372*u - 2641. Is y(16) a prime number?
True
Suppose -185328 = -21*x + 47*x. Let v = 2825 - x. Is v a composite number?
True
Suppose 4*s - 86 = 10. Let h be ((-1)/3)/(1/s*-2). Suppose h*q + 4*n = 68, 7 = -3*n + 1. Is q a composite number?
False
Let i = 4674 + -2061. Suppose 28197 - i = 12*z. Suppose 131*m - 127*m = z. Is m prime?
False
Suppose 3*c + 9*c - 48 = 0. Suppose 0 = 5*z + c*b - 26321, 0*z + 5241 = z - 5*b. Is z a prime number?
True
Suppose -3*b + 4*b + 3*v - 31618 = 0, b = 3*v + 31636. Is b composite?
False
Suppose -4*u + 4*n - 8 = -n, 5*u + 3*n = 27. Suppose 1142 = 3*l + 2*r - 461, 2*l - 1086 = u*r. Is l a prime number?
False
Let g = -101 - -108. Suppose 4*f - g*f = a - 2813, 14105 = 5*a - 5*f. Is a a composite number?
False
Suppose -a = -2*n + n - 11923, -4*a = -n - 11926. Let h = n + 21354. Suppose 5*k + l = 7801, 5*k - h = 4*l - 1611. Is k a composite number?
True
Let v(k) = -k**3 - 9*k**2 - 16*k + 1. Let w be v(-2). Suppose -d + 3*d - 5883 = w*x, 0 = 4*d + 5*x - 11691. Is d a prime number?
False
Suppose -137608 = -4*l - 2*g, -13*g - 8 = -9*g. Is l a composite number?
False
Let n(l) = -2*l**3 + 2*l**2 + 2*l - 3. Let p = 34 - 33. Let m = p + -5. Is n(m) a prime number?
True
Suppose 11*y - 16448 = -5*y. Let r = 449 + y. Is r prime?
False
Let y(m) = m**3 - 2*m + 5. Let i = -99 - -99. Let g be y(i). Suppose 5*q + 6*k - g*k = 639, 2*q - 246 = 2*k. Is q prime?
True
Let w(g) be the second derivative of 143*g**3/6 - 7*g**2/2 - 2*g. Suppose -2*d + 3*j = 9, 10 = -2*d + 5*j - 9. Is w(d) composite?
True
Suppose o = -5*r + 47, -r - 6*o + 1 = -3*o. Is 4650/2 + 5/r*-8 a composite number?
True
Let y be (0 + 66)*73 - 5. Let j = y - 2890. Is j prime?
False
Suppose 3*q - 33 = 27. Suppose -24 + 42 = 3*u. Suppose -q = -4*c, -r - 630 = -u*r + 3*c. Is r a prime number?
False
Let k be (-77737)/(-165) + (-2)/15. Let u = k + -115. Let l = -145 + u. Is l composite?
False
Let k(d) be the second derivative of d**7/280 - d**6/240 + d**5/24 - 35*d**4/12 - 25*d. Let u(o) be the third derivative of k(o). Is u(-4) prime?
False
Suppose 28*l - 4720047 = 1279149. Is l a composite number?
True
Suppose 15*d - 12*d - 5*h = 243581, 0 = 3*h + 12. Is d composite?
True
Suppose 5*t = 52 + 68. Let y(r) = -r**2 + 26*r - 40. Let l be y(t). Suppose -4*q + l*q = 4820. Is q a prime number?
False
Let i(j) = 2625*j**2 - 3515*j + 14. Is i(-13) prime?
False
Let c(o) = 231*o**2 - 21*o - 81. Let k be c(15). Suppose n = -5*s + 10*s - k, -5*s = 4*n - 51559. Is s a composite number?
True
Let a(r) = -7*r + 100. Let d be a(14). Suppose -4*g + d*w + 20984 = 0, 0 = 4*g + w - 23465 + 2487. Is g a composite number?
True
Suppose -11*m + 2010 = 4*m. Suppose 2*k + 2*k - 176 = 0. Let c = m + k. Is c prime?
False
Let p = 111012 + 370679. Is p a composite number?
True
Let m(t) = -171*t + 18. Let b be m(2). Let n = 4217 + b. Is n a prime number?
False
Suppose -5*j = -4*o + 1, -j + 4*j = -2*o - 5. Is 8615 + (5/25 - o/(-5)) a composite number?
True
Suppose 0 = 5*d - 2*s - 5865, 45*s - 47*s - 2352 = -2*d. Is d composite?
False
Let r(t) = -1426*t + 296*t - 1 + 0. Let j(d) = -d**3 - 6*d**2 - 5*d - 3. Let m be j(-5). Is r(m) prime?
True
Let n = -93768 - -351830. Suppose -p - n = -15*p. Is p a prime number?
True
Suppose -19*u + 11*u = -17576. Suppose 64700 = 9*s - u. Is s composite?
False
Is (23/115)/(2/1022330) - -6 a prime number?
False
Is (-16)/(-80) - 145/100 - 6574563/(-12) prime?
False
Suppose -81*u - 5373 = -25179 - 5061. Is u a prime number?
True
Suppose 0 = o + 2*o - 6, -1504 = 4*d - 4*o. Is 6 + (-44)